{"id":449,"date":"2021-04-28T14:39:28","date_gmt":"2021-04-28T17:39:28","guid":{"rendered":"http:\/\/starlinkinformatica.com.br\/?page_id=449"},"modified":"2021-04-28T14:49:14","modified_gmt":"2021-04-28T17:49:14","slug":"consultoria-e-integracao-de-sistemas","status":"publish","type":"page","link":"http:\/\/starlinkinformatica.com.br\/?page_id=449","title":{"rendered":"Consultoria e Integra\u00e7\u00e3o de Sistemas"},"content":{"rendered":"\n<ul><li><strong>Storage<\/strong>: Implementa\u00e7\u00e3o e gest\u00e3o de equipamentos NetApp, Oracle\/Sun, HDS e Dell\/EMC, HP juntamente com todas as ferramentas e fun\u00e7\u00f5es agregadas ao hardware e software desses fornecedores.<\/li><li><strong>SAN:<\/strong> Planejamento, implementa\u00e7\u00e3o, documenta\u00e7\u00e3o e gest\u00e3o de equipamentos da linha Cisco, Brocade e Juniper.<\/li><li><strong>Servidores:&nbsp; <\/strong>Experi\u00eancia em toda a linha de Servidores Oracle\/Sun, HP e Sistema Operacional Unix e Linux.<\/li><li><strong>Consolida\u00e7\u00e3o de Servidores:<\/strong> Para ambientes Solaris, dispomos de consultoria capacitada em utiliza\u00e7\u00e3o da ferramenta Solaris Container para consolidar tanto vers\u00f5es antigas como \u00faltimos releases em um equipamento \u00fanico rodando Solaris particionado em m\u00e1quinas virtuais. J\u00e1 no caso de outras plataformas, propomos e dispomos de recursos capacitados no software Oracle VM e Vmware.<\/li><li><strong>Alta Disponibilidade:<\/strong> As seguintes solu\u00e7\u00f5es para alta disponibilidade s\u00e3o:<\/li><\/ul>\n\n\n\n<p><strong>&#8211;<\/strong>Plataforma Unix: Utilizamos o software Sun Cluster ou Symantec Veritas Cluster (Storage Foundation Cluster);<\/p>\n\n\n\n<p><strong>&#8211;<\/strong>Plataforma Linux e Windows: Via software Double-Take ou Symantec Veritas Cluster (Storage Foundation Cluster);<\/p>\n\n\n\n<p><strong>&#8211;<\/strong>StorageNetApp: Via ferramenta de replica\u00e7\u00e3o e SnapShots.<\/p>\n\n\n\n<ul><li><strong>Backup: <\/strong>Experi\u00eancia em solu\u00e7\u00f5es de Backup utilizando o software Symantec Netbackup, implementa\u00e7\u00e3o de backup utilizando recursos dos storagesNetApp e Sun ZFS, al\u00e9m de integra\u00e7\u00e3o com tape libraries.<\/li><li><strong>Rede TCP\/IP:<\/strong> Networking e implanta\u00e7\u00e3o de Datacenters. Projeto de implanta\u00e7\u00e3o de infraestrutura f\u00edsica com o fornecimento de solu\u00e7\u00f5es envolvendo cabling, switches, equipamentos para load balance, controle de banda e VOIP.<\/li><\/ul>\n\n\n\n<p class=\"has-palette-color-5-color has-palette-color-1-background-color has-text-color has-background\">Contate-nos e veja como podemos te ajudar nesse processo!<\/p>\n\n\n\n<div class=\"forminator-guttenberg\"><div class=\"forminator-ui forminator-custom-form forminator-custom-form-103 forminator-design--flat  forminator_ajax\" data-forminator-render=\"0\" data-form=\"forminator-module-103\"><br\/><\/div><form\n\t\t\t\tid=\"forminator-module-103\"\n\t\t\t\tclass=\"forminator-ui forminator-custom-form forminator-custom-form-103 forminator-design--flat  forminator_ajax\"\n\t\t\t\taction=\"\"\n\t\t\t\tmethod=\"post\"\n\t\t\t\tdata-forminator-render=\"0\"\n\t\t\t\tdata-form-id=\"103\"\n\t\t\t\t\n\t\t\t\tdata-design=\"flat\"\n\t\t\t\t\n\t\t\t\t\n\t\t\t\t\n\t\t\t\tdata-grid=\"open\"\n\t\t\t\t\n\t\t\t\t\n\t\t\t\tstyle=\"display: none;\"\n\t\t\t><div class=\"forminator-response-message forminator-error\" aria-hidden=\"true\"><\/div><div class=\"forminator-row\"><div id=\"name-1\" class=\"forminator-col forminator-col-12 \"><div class=\"forminator-field\"><label for=\"forminator-field-name-1\" class=\"forminator-label\">Nome: <span class=\"forminator-required\">*<\/span><\/label><input type=\"text\" name=\"name-1\" value=\"\" placeholder=\"E.x. \" id=\"forminator-field-name-1\" class=\"forminator-input forminator-name--field\" aria-required=\"true\" \/><\/div><\/div><\/div><div class=\"forminator-row\"><div id=\"name-3\" class=\"forminator-col forminator-col-12 \"><div class=\"forminator-field\"><label for=\"forminator-field-name-3\" class=\"forminator-label\">Empresa: <span class=\"forminator-required\">*<\/span><\/label><input type=\"text\" name=\"name-3\" value=\"\" placeholder=\"E.x. \" id=\"forminator-field-name-3\" class=\"forminator-input forminator-name--field\" aria-required=\"true\" \/><\/div><\/div><\/div><div class=\"forminator-row\"><div id=\"email-1\" class=\"forminator-col forminator-col-6 \"><div class=\"forminator-field\"><label for=\"forminator-field-email-1\" class=\"forminator-label\">E-mail: <span class=\"forminator-required\">*<\/span><\/label><input type=\"email\" name=\"email-1\" value=\"\" placeholder=\"@.com\" id=\"forminator-field-email-1\" class=\"forminator-input forminator-email--field\" data-required=\"true\" aria-required=\"true\" \/><\/div><\/div><div id=\"phone-1\" class=\"forminator-col forminator-col-6 \"><div class=\"forminator-field\"><label for=\"forminator-field-phone-1\" class=\"forminator-label\">Telefone: <span class=\"forminator-required\">*<\/span><\/label><input type=\"text\" name=\"phone-1\" value=\"\" placeholder=\"+55 (11) 0000-0000\" id=\"forminator-field-phone-1\" class=\"forminator-input forminator-field--phone\" data-required=\"1\" aria-required=\"true\" autocomplete=\"off\" \/><\/div><\/div><\/div><div class=\"forminator-row\"><div id=\"checkbox-1\" class=\"forminator-col forminator-col-12 \"><div class=\"forminator-field\"><label class=\"forminator-label\">Assunto:<\/label><label for=\"forminator-field-checkbox-1-1-6a05fb8454e77\" class=\"forminator-checkbox forminator-checkbox-inline\"><input type=\"checkbox\" name=\"checkbox-1[]\" value=\"produtos\" id=\"forminator-field-checkbox-1-1-6a05fb8454e77\" data-calculation=\"0\"  \/><span aria-hidden=\"true\"><\/span><span>Produtos<\/span><\/label><label for=\"forminator-field-checkbox-1-2-6a05fb8454e77\" class=\"forminator-checkbox forminator-checkbox-inline\"><input type=\"checkbox\" name=\"checkbox-1[]\" value=\"sugestes\" id=\"forminator-field-checkbox-1-2-6a05fb8454e77\" data-calculation=\"0\"  \/><span aria-hidden=\"true\"><\/span><span>Sugest\u00f5es<\/span><\/label><label for=\"forminator-field-checkbox-1-3-6a05fb8454e77\" class=\"forminator-checkbox forminator-checkbox-inline\"><input type=\"checkbox\" name=\"checkbox-1[]\" value=\"parcerias\" id=\"forminator-field-checkbox-1-3-6a05fb8454e77\" data-calculation=\"0\"  \/><span aria-hidden=\"true\"><\/span><span>Parcerias<\/span><\/label><label for=\"forminator-field-checkbox-1-4-6a05fb8454e77\" class=\"forminator-checkbox forminator-checkbox-inline\"><input type=\"checkbox\" name=\"checkbox-1[]\" value=\"tcnico\" id=\"forminator-field-checkbox-1-4-6a05fb8454e77\" data-calculation=\"0\"  \/><span aria-hidden=\"true\"><\/span><span>T\u00e9cnico<\/span><\/label><\/div><\/div><\/div><div class=\"forminator-row\"><div id=\"textarea-1\" class=\"forminator-col forminator-col-12 \"><div class=\"forminator-field\"><label for=\"forminator-field-textarea-1\" class=\"forminator-label\">Mensagem: <span class=\"forminator-required\">*<\/span><\/label><textarea name=\"textarea-1\" placeholder=\"Escreva sua mensagem\" id=\"forminator-field-textarea-1\" class=\"forminator-textarea\" height=\"50\" style=\"min-height:px;\" maxlength=\"180\" ><\/textarea><span class=\"forminator-description\"><span data-limit=\"180\" data-type=\"characters\">0 \/ 180<\/span><\/span><\/div><\/div><\/div><input type=\"hidden\" name=\"referer_url\" value=\"\" \/><div class=\"forminator-row forminator-row-last\"><div class=\"forminator-col\"><div id=\"submit\" class=\"forminator-field\"><button class=\"forminator-button forminator-button-submit\">Enviar<\/button><\/div><\/div><\/div><input type=\"hidden\" id=\"forminator_nonce\" name=\"forminator_nonce\" value=\"af96bc850f\" \/><input type=\"hidden\" name=\"_wp_http_referer\" value=\"\/index.php?rest_route=%2Fwp%2Fv2%2Fpages%2F449\" \/><input type=\"hidden\" name=\"form_id\" value=\"103\"><input type=\"hidden\" name=\"page_id\" value=\"449\"><input type=\"hidden\" name=\"form_type\" value=\"default\"><input type=\"hidden\" name=\"current_url\" value=\"http:\/\/starlinkinformatica.com.br\/?rest_route=%2Fwp%2Fv2%2Fpages%2F449\"><input type=\"hidden\" name=\"render_id\" value=\"0\"><input type=\"hidden\" name=\"action\" value=\"forminator_submit_form_custom-forms\"><\/form><\/div>\n\n\n\n<p><\/p>\n","protected":false},"excerpt":{"rendered":"<p>Storage: Implementa\u00e7\u00e3o e gest\u00e3o de equipamentos NetApp, Oracle\/Sun, HDS e Dell\/EMC, HP juntamente com todas as ferramentas e fun\u00e7\u00f5es agregadas ao hardware e software desses fornecedores. SAN: Planejamento, implementa\u00e7\u00e3o, documenta\u00e7\u00e3o e gest\u00e3o de equipamentos da linha Cisco, Brocade e Juniper. Servidores:&nbsp; Experi\u00eancia em toda a linha de Servidores Oracle\/Sun, HP e Sistema Operacional Unix e Linux. Consolida\u00e7\u00e3o de Servidores: Para ambientes Solaris, dispomos de consultoria capacitada em utiliza\u00e7\u00e3o da ferramenta Solaris Container para consolidar tanto vers\u00f5es antigas como \u00faltimos releases em um equipamento \u00fanico rodando Solaris particionado em m\u00e1quinas virtuais. J\u00e1 no caso de outras plataformas, propomos e dispomos de\u2026<\/p>\n","protected":false},"author":1,"featured_media":454,"parent":0,"menu_order":0,"comment_status":"closed","ping_status":"closed","template":"","meta":[],"blocksy_meta":"","_links":{"self":[{"href":"http:\/\/starlinkinformatica.com.br\/index.php?rest_route=\/wp\/v2\/pages\/449"}],"collection":[{"href":"http:\/\/starlinkinformatica.com.br\/index.php?rest_route=\/wp\/v2\/pages"}],"about":[{"href":"http:\/\/starlinkinformatica.com.br\/index.php?rest_route=\/wp\/v2\/types\/page"}],"author":[{"embeddable":true,"href":"http:\/\/starlinkinformatica.com.br\/index.php?rest_route=\/wp\/v2\/users\/1"}],"replies":[{"embeddable":true,"href":"http:\/\/starlinkinformatica.com.br\/index.php?rest_route=%2Fwp%2Fv2%2Fcomments&post=449"}],"version-history":[{"count":1,"href":"http:\/\/starlinkinformatica.com.br\/index.php?rest_route=\/wp\/v2\/pages\/449\/revisions"}],"predecessor-version":[{"id":450,"href":"http:\/\/starlinkinformatica.com.br\/index.php?rest_route=\/wp\/v2\/pages\/449\/revisions\/450"}],"wp:featuredmedia":[{"embeddable":true,"href":"http:\/\/starlinkinformatica.com.br\/index.php?rest_route=\/wp\/v2\/media\/454"}],"wp:attachment":[{"href":"http:\/\/starlinkinformatica.com.br\/index.php?rest_route=%2Fwp%2Fv2%2Fmedia&parent=449"}],"curies":[{"name":"wp","href":"https:\/\/api.w.org\/{rel}","templated":true}]}}