{"id":214,"date":"2021-04-28T04:00:08","date_gmt":"2021-04-28T07:00:08","guid":{"rendered":"http:\/\/starlinkinformatica.com.br\/?page_id=214"},"modified":"2021-04-28T04:00:12","modified_gmt":"2021-04-28T07:00:12","slug":"riverbed","status":"publish","type":"page","link":"http:\/\/starlinkinformatica.com.br\/?page_id=214","title":{"rendered":"Riverbed"},"content":{"rendered":"\n<p>A <strong>Riverbed<\/strong> permite que as organiza\u00e7\u00f5es maximizem o desempenho e a visibilidade de redes e aplicativos, para que possam superar a complexidade e capitalizar totalmente em seus investimentos digitais e em nuvem. A Riverbed Network and Application Performance Platform permite que as organiza\u00e7\u00f5es visualizem, otimizem, corrijam e acelerem o desempenho de qualquer rede para qualquer aplicativo. A plataforma aborda desempenho e visibilidade de forma hol\u00edstica com a melhor otimiza\u00e7\u00e3o de WAN da categoria, gerenciamento de desempenho de rede (NPM), acelera\u00e7\u00e3o de aplicativos (incluindo Office 365, SaaS, acelera\u00e7\u00e3o de cliente e nuvem) e SD-WAN de n\u00edvel empresarial.<\/p>\n","protected":false},"excerpt":{"rendered":"<p>A Riverbed permite que as organiza\u00e7\u00f5es maximizem o desempenho e a visibilidade de redes e aplicativos, para que possam superar a complexidade e capitalizar totalmente em seus investimentos digitais e em nuvem. A Riverbed Network and Application Performance Platform permite que as organiza\u00e7\u00f5es visualizem, otimizem, corrijam e acelerem o desempenho de qualquer rede para qualquer aplicativo. A plataforma aborda desempenho e visibilidade de forma hol\u00edstica com a melhor otimiza\u00e7\u00e3o de WAN da categoria, gerenciamento de desempenho de rede (NPM), acelera\u00e7\u00e3o de aplicativos (incluindo Office 365, SaaS, acelera\u00e7\u00e3o de cliente e nuvem) e SD-WAN de n\u00edvel empresarial.<\/p>\n","protected":false},"author":1,"featured_media":215,"parent":0,"menu_order":0,"comment_status":"closed","ping_status":"closed","template":"","meta":[],"blocksy_meta":"","_links":{"self":[{"href":"http:\/\/starlinkinformatica.com.br\/index.php?rest_route=\/wp\/v2\/pages\/214"}],"collection":[{"href":"http:\/\/starlinkinformatica.com.br\/index.php?rest_route=\/wp\/v2\/pages"}],"about":[{"href":"http:\/\/starlinkinformatica.com.br\/index.php?rest_route=\/wp\/v2\/types\/page"}],"author":[{"embeddable":true,"href":"http:\/\/starlinkinformatica.com.br\/index.php?rest_route=\/wp\/v2\/users\/1"}],"replies":[{"embeddable":true,"href":"http:\/\/starlinkinformatica.com.br\/index.php?rest_route=%2Fwp%2Fv2%2Fcomments&post=214"}],"version-history":[{"count":1,"href":"http:\/\/starlinkinformatica.com.br\/index.php?rest_route=\/wp\/v2\/pages\/214\/revisions"}],"predecessor-version":[{"id":216,"href":"http:\/\/starlinkinformatica.com.br\/index.php?rest_route=\/wp\/v2\/pages\/214\/revisions\/216"}],"wp:featuredmedia":[{"embeddable":true,"href":"http:\/\/starlinkinformatica.com.br\/index.php?rest_route=\/wp\/v2\/media\/215"}],"wp:attachment":[{"href":"http:\/\/starlinkinformatica.com.br\/index.php?rest_route=%2Fwp%2Fv2%2Fmedia&parent=214"}],"curies":[{"name":"wp","href":"https:\/\/api.w.org\/{rel}","templated":true}]}}