{"id":184,"date":"2021-04-28T03:44:19","date_gmt":"2021-04-28T06:44:19","guid":{"rendered":"http:\/\/starlinkinformatica.com.br\/?page_id=184"},"modified":"2021-04-28T03:44:23","modified_gmt":"2021-04-28T06:44:23","slug":"cisco","status":"publish","type":"page","link":"http:\/\/starlinkinformatica.com.br\/?page_id=184","title":{"rendered":"Cisco"},"content":{"rendered":"\n<p>A <strong>Cisco<\/strong> (NASDAQ: CSCO) possibilita que as pessoas estabele\u00e7am as conex\u00f5es de que precisam, sejam elas para fins empresariais, de educa\u00e7\u00e3o, filantropia ou cria\u00e7\u00e3o. Os produtos de hardware, softwares e servi\u00e7os da Cisco s\u00e3o usados para criar as solu\u00e7\u00f5es de Internet que viabilizam a rede e permitem oferecer f\u00e1cil acesso \u00e0s informa\u00e7\u00f5es, em qualquer lugar e a qualquer momento. A Cisco foi fundada em 1984 por um pequeno grupo de cientistas da computa\u00e7\u00e3o da Stanford University e desde ent\u00e3o os engenheiros da empresa v\u00eam liderando o desenvolvimento das tecnologias de rede IP (Internet Protocol). Hoje, com mais de 65.225 funcion\u00e1rios em todo o mundo, a tradi\u00e7\u00e3o de inovar da Cisco continua presente nos produtos e solu\u00e7\u00f5es l\u00edderes de mercado, tanto nos principais desenvolvimentos da empresa \u2013 como roteadores e switches \u2013 quanto nas tecnologias avan\u00e7adas como redes residenciais, telefonia IP, redes \u00f3pticas, seguran\u00e7a, redes de \u00e1rea de armazenamento e tecnologia sem fio. Al\u00e9m desses produtos, a Cisco ainda oferece uma s\u00e9rie de servi\u00e7os que incluem suporte t\u00e9cnico e servi\u00e7os avan\u00e7ados. A Cisco vende seus produtos e servi\u00e7os a grandes empresas, estabelecimentos comerciais, provedores de servi\u00e7os e consumidores, tanto diretamente, utilizando sua pr\u00f3pria for\u00e7a de vendas, quanto por meio de seus parceiros de canal.<\/p>\n","protected":false},"excerpt":{"rendered":"<p>A Cisco (NASDAQ: CSCO) possibilita que as pessoas estabele\u00e7am as conex\u00f5es de que precisam, sejam elas para fins empresariais, de educa\u00e7\u00e3o, filantropia ou cria\u00e7\u00e3o. Os produtos de hardware, softwares e servi\u00e7os da Cisco s\u00e3o usados para criar as solu\u00e7\u00f5es de Internet que viabilizam a rede e permitem oferecer f\u00e1cil acesso \u00e0s informa\u00e7\u00f5es, em qualquer lugar e a qualquer momento. A Cisco foi fundada em 1984 por um pequeno grupo de cientistas da computa\u00e7\u00e3o da Stanford University e desde ent\u00e3o os engenheiros da empresa v\u00eam liderando o desenvolvimento das tecnologias de rede IP (Internet Protocol). Hoje, com mais de 65.225 funcion\u00e1rios\u2026<\/p>\n","protected":false},"author":1,"featured_media":186,"parent":0,"menu_order":0,"comment_status":"closed","ping_status":"closed","template":"","meta":[],"blocksy_meta":"","_links":{"self":[{"href":"http:\/\/starlinkinformatica.com.br\/index.php?rest_route=\/wp\/v2\/pages\/184"}],"collection":[{"href":"http:\/\/starlinkinformatica.com.br\/index.php?rest_route=\/wp\/v2\/pages"}],"about":[{"href":"http:\/\/starlinkinformatica.com.br\/index.php?rest_route=\/wp\/v2\/types\/page"}],"author":[{"embeddable":true,"href":"http:\/\/starlinkinformatica.com.br\/index.php?rest_route=\/wp\/v2\/users\/1"}],"replies":[{"embeddable":true,"href":"http:\/\/starlinkinformatica.com.br\/index.php?rest_route=%2Fwp%2Fv2%2Fcomments&post=184"}],"version-history":[{"count":1,"href":"http:\/\/starlinkinformatica.com.br\/index.php?rest_route=\/wp\/v2\/pages\/184\/revisions"}],"predecessor-version":[{"id":187,"href":"http:\/\/starlinkinformatica.com.br\/index.php?rest_route=\/wp\/v2\/pages\/184\/revisions\/187"}],"wp:featuredmedia":[{"embeddable":true,"href":"http:\/\/starlinkinformatica.com.br\/index.php?rest_route=\/wp\/v2\/media\/186"}],"wp:attachment":[{"href":"http:\/\/starlinkinformatica.com.br\/index.php?rest_route=%2Fwp%2Fv2%2Fmedia&parent=184"}],"curies":[{"name":"wp","href":"https:\/\/api.w.org\/{rel}","templated":true}]}}